695637 prime?
True
Is 301215845527 a prime number?
True
Is 1371644699 a prime number?
False
Is 2739744515 a prime number?
False
Is 161640336521 prime?
False
Is 2376147031 composite?
False
Is 76083316223 a prime number?
False
Is 13786555213 a prime number?
False
Is 18883819531 a prime number?
True
Is 938535623 composite?
False
Is 304179787 a prime number?
False
Is 32257675987 composite?
True
Is 3153715303 prime?
False
Is 1109907769 a composite number?
True
Is 355299443 prime?
False
Is 2206783529 composite?
False
Is 97382791 prime?
False
Is 5415964837 prime?
True
Is 3157613143 a prime number?
True
Is 9941765399 prime?
True
Is 55077488723 a composite number?
True
Is 43276261841 a prime number?
True
Is 98311953 a composite number?
True
Is 28313136119 composite?
True
Is 517746769 a composite number?
False
Is 88923970591 composite?
False
Is 6041605811 prime?
True
Is 28973173 a prime number?
True
Is 22235041271 composite?
True
Is 559715591 prime?
True
Is 404572157 composite?
True
Is 226567087 composite?
False
Is 12767478389 prime?
True
Is 240314381 composite?
True
Is 1756674707 prime?
True
Is 12772562827 a composite number?
False
Is 9468867319 a prime number?
True
Is 7906414787 composite?
True
Is 6255072907 a composite number?
True
Is 11865323123 a composite number?
False
Is 27413392577 prime?
True
Is 893927477 prime?
True
Is 30854647 prime?
True
Is 1721666599 composite?
False
Is 4647583769 a prime number?
True
Is 66017245709 a composite number?
True
Is 121847207 a composite number?
False
Is 56724097767 a composite number?
True
Is 21694103 composite?
True
Is 14252219197 prime?
False
Is 5124947259 a composite number?
True
Is 7852835939 a composite number?
True
Is 306442421 composite?
False
Is 609823703 a prime number?
True
Is 171645900199 a prime number?
False
Is 1902163103 a prime number?
True
Is 27536972291 a composite number?
False
Is 22133557 prime?
False
Is 4293833917 composite?
False
Is 436525079 a composite number?
False
Is 48275919191 composite?
False
Is 10835134027 prime?
True
Is 1393564451 a composite number?
False
Is 7619962367 a prime number?
False
Is 144660181 a composite number?
False
Is 12051966371 composite?
True
Is 9178442561 a composite number?
False
Is 3561429827 prime?
True
Is 1698095669 a prime number?
False
Is 164373931 composite?
False
Is 58127363033 prime?
False
Is 16770445309 a composite number?
True
Is 17460140689 composite?
False
Is 3341192203 a prime number?
False
Is 1427128111 composite?
False
Is 4259479249 composite?
True
Is 3510174763 prime?
True
Is 5485171271 prime?
True
Is 43717253 a composite number?
False
Is 217315091 a composite number?
True
Is 5333002109 composite?
False
Is 170565151 prime?
False
Is 140040263 a composite number?
True
Is 8098823231 composite?
True
Is 2457031019 a prime number?
True
Is 19893870109 a prime number?
False
Is 2826590485 composite?
True
Is 1103910833 composite?
False
Is 25092531433 a prime number?
True
Is 734729573 composite?
False
Is 46926661 composite?
False
Is 150266061509 a prime number?
True
Is 608710073 prime?
True
Is 46627915993 prime?
False
Is 75320450869 a composite number?
True
Is 5534414147 a composite number?
False
Is 487637302 prime?
False
Is 556686601 prime?
True
Is 75070535 composite?
True
Is 23851056829 a composite number?
False
Is 49369322959 a composite number?
True
Is 63744520909 prime?
True
Is 97567980221 prime?
False
Is 167520547009 composite?
True
Is 26911777318 composite?
True
Is 20203315183 composite?
True
Is 2732449607 a prime number?
True
Is 17545241653 composite?
False
Is 78688321 a composite number?
False
Is 40301554481 prime?
False
Is 9460483583 a prime number?
True
Is 36311902859 a prime number?
True
Is 9067297947 a composite number?
True
Is 14513744906 composite?
True
Is 3787550633 composite?
False
Is 5455786841 a prime number?
True
Is 31512325133 composite?
True
Is 9918164777 a composite number?
False
Is 617706431 a composite number?
False
Is 233302597 a prime number?
False
Is 1029261547 a composite number?
True
Is 4401436099 composite?
True
Is 4438029899 composite?
True
Is 9011722201 composite?
False
Is 4472557807 a prime number?
True
Is 3057913 composite?
False
Is 1486653367 composite?
False
Is 213887627 composite?
False
Is 4624704281 a composite number?
False
Is 47968241507 a composite number?
False
Is 324474037 a prime number?
True
Is 630090947 prime?
True
Is 3203453843 a prime number?
True
Is 51018504419 composite?
False
Is 587795069 prime?
False
Is 74924050351 composite?
False
Is 2257362649 composite?
False
Is 2858565179 prime?
True
Is 640374341 a prime number?
True
Is 54095928749 a composite number?
False
Is 588675491 prime?
True
Is 2084010701 a composite number?
True
Is 170087249 prime?
True
Is 100340861267 composite?
False
Is 3274531883 a prime number?
False
Is 21826936163 a prime number?
True
Is 1380343519 prime?
True
Is 27761921027 prime?
True
Is 2033738303 prime?
False
Is 1278043069 prime?
False
Is 3586120973 prime?
True
Is 260785961 a composite number?
False
Is 2909834339 a prime number?
True
Is 9495859969 prime?
True
Is 246683167 prime?
True
Is 73770091793 prime?
False
Is 3742095191 a composite number?
True
Is 13870748167 a composite number?
True
Is 17726614351 prime?
False
Is 18988819237 a prime number?
False
Is 4191464351 a prime number?
True
Is 1814475457 prime?
False
Is 188632007 a composite number?
True
Is 526897517 a prime number?
True
Is 5643391511 prime?
False
Is 287116579 a composite number?
True
Is 77637253945 composite?
True
Is 11085349589 a prime number?
False
Is 2201477 a prime number?
False
Is 2731829797 a prime number?
False
Is 141322339955 prime?
False
Is 175588443431 composite?
False
Is 1151864377 prime?
True
Is 1274157299 composite?
False
Is 152097667 prime?
True
Is 391230731 a prime number?
True
Is 120917807 composite?
False
Is 10127844497 a prime number?
True
Is 32974527133 composite?
False
Is 182243571 a composite number?
True
Is 5956482821 a composite number?
False
Is 102142270441 a composite number?
False
Is 29784731433 a composite number?
True
Is 406068119 composite?
False
Is 29593927 a prime number?
False
Is 547533634 a prime number?
False
Is 15755911147 prime?
True
Is 23038649 prime?
True
Is 530406741 composite?
True
Is 786615799 a composite number?
False
Is 10070940149 a prime number?
False
Is 59459719493 a prime number?
True
Is 207567743 a prime number?
False
Is 401779051 a composite number?
True
Is 8077678447 prime?
True
Is 10554212337 prime?
False
Is 134050027 prime?
False
Is 1158721913 prime?
True
Is 4460718913 composite?
True
Is 458543023 a composite number?
True
Is 2121951157 composite?
False
Is 26876387 prime?
True
Is 10523854661 composite?
False
Is 5258653319 composite?
False
Is 3791129323 prime?
True
Is 1972177057 composite?
False
Is 4630210135 composite?
True
Is 15974497127 a prime number?
True
Is 9836951599 prime?
True
Is 13704227657 prime?
True
Is 4554323791 a prime number?
False
Is 8037397406 a prime number?
False
Is 17404161103 a prime number?
False
Is 65659073 a composite number?
True
Is 301685341 prime?
True
Is 4066713302 a prime number?
False
Is 39245329603 composite?
True
Is 57315104437 prime?
True
Is 552786629 composite?
True
Is 106059705539 prime?
True
Is 317677097 a prime number?
False
Is 8463465901 prime?
False
Is 9639857294 a prime number?
False
Is 8950805191 composite?
False
Is 1448656933 a composite number?
False
Is 144384131971 a composite number?
False
Is 166048843489 a composite number?
False
Is 22368007853 a composite number?
True
Is 47791702759 composite?
False
Is 7273725647 prime?
True
Is 1122947543 composite?
False
Is 2710767517 a composite number?
True
Is 1515877367 a composite number?
True
Is 43087023323 a composite number?
True
Is 9245576513 composite?
False
Is 33126387611 a prime number?
True
Is 2252407973 prime?
True
Is 467936281 a prime number?
True
Is 33248963213 composite?
False
Is 672634381 a prime number?
False
Is 710161481 a composite number?
True
Is 36586470241 prime?
False
Is 124838139709 composite?
False
Is 97888856401 a prime number?
False
Is 735150799 composite?
False
Is 6745468741 prime?
False
Is 10835889989 composite?
False
Is 192231583559 prime?
False
Is 3390816193 prime?
False
Is 81929651 prime?
True
Is 1543734161 a composite number?
False
Is 27756862955 compos